 g.
57
Suppose 4*f - 80*s = -75*s + 3888, 0*s = 3*s. Calculate the greatest common divisor of 684 and f.
36
Suppose -3*c + c = -4. Let w be (22 - c)/(0 - -2). Suppose -2*h = 11 - 171. Calculate the highest common divisor of h and w.
10
Suppose 0 = g + 2*l - 134 + 67, 6*l = 3*g - 153. What is the highest common divisor of g and 36521?
59
Suppose 27*i - 185 - 1834 = -399. Calculate the highest common divisor of i and 5205.
15
Suppose 0 = -4*b - 3*z + 7014, 1624 = b + z - 129. What is the highest common divisor of b and 13?
13
Suppose -118*r = 10*r + 51*r - 3580. What is the highest common factor of r and 68?
4
Let o(u) = -83*u - 129. Let y be o(-6). What is the highest common divisor of 3813 and y?
123
Let l(o) = -o**3 - 23*o**2 - 20*o + 18. Let b be l(-22). Let v = b + 36. Calculate the greatest common factor of 1460 and v.
10
Suppose 11*m - 3737 = -33*m + 2555. Calculate the highest common divisor of m and 13.
13
Let q be ((-18)/6*1)/(3/(-67)). Suppose x - 3*w - 19 = 0, -3*x + 7*x - 3*w - q = 0. Calculate the greatest common divisor of 400 and x.
16
Let r(d) = -d**2 - 12*d - 23. Let p be r(-10). Let w be (18 - 12)*(-88)/p. What is the greatest common factor of w and 22?
22
Let u(i) = i**2 + i + 112. Let j be u(0). Let n(x) = x**2 + 35*x - 2014. Let z be n(31). What is the greatest common factor of j and z?
16
Suppose 15*m + 31130 = 17*m - 3*y, -15544 = -m + 5*y. What is the highest common factor of m and 26?
26
Let r(w) = 177*w - 817. Let l be r(6). Calculate the highest common divisor of l and 455.
35
Let r = -7605 + 7677. Let c(y) = 23*y**2 + 2*y - 1. Let w = -3 - -4. Let f be c(w). What is the greatest common divisor of f and r?
24
Suppose 485 = 2*b - 35. Let t = 340 - b. Calculate the greatest common factor of t and 70.
10
Suppose 0 = -4*l - 5 - 3. Let u be (1/l)/((184/(-48))/23). What is the greatest common factor of 21 and u?
3
Let s be 981648/561 - (-2)/11. What is the highest common factor of 238 and s?
14
Let q be 5 + -10 - -1 - -2*3. Suppose 5*u - 145 = q*g, 3*u - 2*g = -u + 114. Calculate the greatest common factor of u and 93.
31
Let t = -159 - -425. Let a = t + -206. What is the greatest common factor of a and 48?
12
Let b(v) = -v**2 - 10*v + 19. Let m be b(-13). Let j = 22 - m. What is the highest common divisor of j and 28?
14
Let n = -196 + 233. Let r(j) = -25*j - 14. Let d be r(-5). What is the highest common factor of d and n?
37
Suppose 16 = 3*k + k, -4740 = -14*x + 5*k. What is the highest common divisor of x and 16?
4
Let v(n) = 81*n**2 + 20*n + 5. Let p be v(-4). What is the greatest common divisor of p and 666?
111
Let t(b) = 11*b**2 - 26*b - 241. Let l be t(13). Calculate the highest common divisor of 30 and l.
10
Let g = -44 + 118. Let j be (-3104)/(-28) - 6/(-42). What is the highest common divisor of j and g?
37
Suppose 120*d - 103078 + 3181 - 15303 = 0. What is the highest common divisor of d and 8880?
240
Let a(s) be the first derivative of -s**2 - 18*s + 22. Let d be a(-13). Suppose d*l - l - 42 = 0. Calculate the greatest common divisor of l and 24.
6
Suppose 15*l - 41*l + 2340 = 0. Suppose 4*v - 54 = v. Calculate the greatest common factor of l and v.
18
Let c(t) = 361*t**2 - 660*t + 5310. Let z be c(8). What is the greatest common factor of z and 86?
86
Let v be 6/(-4)*160/(-30). Suppose 7*x - v*x + 396 = 0. Let h = 139 - 103. What is the greatest common factor of h and x?
36
Let d be (-3)/(1/(-1) - 2/(-8)). Suppose 5*v - 463 = 3*f + 263, d*v + 3*f = 570. What is the greatest common factor of v and 18?
18
Let s(q) = -6*q - 32. Let f be s(-7). Suppose -4*x = -n - 5*x + 105, 0 = -3*n - 5*x + 305. What is the greatest common divisor of n and f?
10
Let m = 12506 + -12474. Calculate the greatest common factor of m and 48.
16
Let c(n) = -15*n + 24. Let k be c(-5). Let h be (6/9)/(3/(-18)). Let q be (1/3)/((8/h)/(-54)). What is the highest common divisor of k and q?
9
Let r be (96/80)/(6/20). Let w = 670 + -384. Suppose 6*g - w = -94. Calculate the highest common factor of r and g.
4
Let o = -22 - -46. Let q = -184 + 208. Calculate the highest common factor of q and o.
24
Let g(r) = -2*r**2 + 2092*r - 407650. Let d be g(259). Let s = -11 + 3. Let v be s*1*6/(-4). Calculate the highest common factor of v and d.
4
Let q(l) = -2*l**2 - 31*l - 13. Let j be q(-3). Calculate the greatest common factor of j and 4247.
31
Let x be 12*((-7)/7)/3. Let d = 37 + x. What is the highest common divisor of d and 33?
33
Let f be 609/6 + (-6)/4. Suppose -163 - 181 = -w. Let g = -324 + w. What is the highest common factor of f and g?
20
Let d be ((-4)/(-3) - 2)*-261. Suppose -8*t + d = -5*t. Calculate the greatest common divisor of t and 522.
58
Suppose -g - 166 = -5*t - 22, 0 = -t + 4. Let i = 396 + g. Let y be 93/((-3)/(-1)) - (-3)/1. Calculate the highest common factor of i and y.
34
Let n = -978 + 1461. Suppose 0 = -2*l + 277 + n. Suppose -8*t = -3*t - l. What is the highest common divisor of t and 190?
38
Let n be 0 + (-4)/((-8)/30). Let z be ((3 - -24)*-1)/(4 - 5). Suppose -405 = 18*r - z*r. Calculate the highest common divisor of r and n.
15
Let q = -13387 + 14027. Calculate the highest common factor of q and 1040.
80
Suppose 0 = -2*s - 2*s + 40. Let b(x) = 22*x**2 - 948*x - 4680. Let z be b(-5). Calculate the greatest common factor of z and s.
10
Let j(b) = -2*b + 58. Let c(i) = 5*i - 177. Let q(o) = 2*c(o) + 7*j(o). Let x be q(-12). Calculate the highest common divisor of 75 and x.
25
Suppose -2 = o - 16. Suppose 3*i + 250*d = 255*d + 529, 3*d = -7*i + 1161. What is the greatest common factor of i and o?
14
Let h = 322 + -187. Let i(c) = -c**3 - 23*c**2 + 45*c + 531. Let t be i(-24). Calculate the highest common divisor of h and t.
27
Let c(b) = 3*b**2 - 92*b + 2656. Let u be c(48). Calculate the greatest common divisor of u and 1120.
224
Suppose -272 = -3*h + 79. Let r(d) = -5*d + 27. Let g be r(5). Suppose g*f - 10 - 16 = 0. Calculate the greatest common divisor of f and h.
13
Suppose -5*i = -2*f - 5186, -i + 1169 = -5*f + 118. Calculate the highest common divisor of i and 700.
28
Let k be (-174)/2697 + (-68826)/(-93). Calculate the highest common factor of 40 and k.
20
Let r be (-4 - -8) + (2 + 6)/4. Calculate the greatest common divisor of r and 16.
2
Let d = 119 - 119. Suppose 3*p - 2*p + 164 = d. Let z be (108/(-7))/(p/(-42) + -4). What is the greatest common factor of 18 and z?
18
Suppose 600 = 2*i - 4*b, -6*i + 884 = -3*i - 2*b. Let w = 297 - i. Calculate the greatest common divisor of 2 and w.
1
Suppose 8672 + 32512 = 208*x. What is the greatest common factor of x and 981?
9
Let m be (-296)/32 + 9 + (-37)/(-4). Let s(r) = 11*r - 80. Let f be s(m). Let a = 123 - 66. What is the highest common factor of f and a?
19
Let q(k) = 4*k - 4. Let i be q(5). Suppose -8*l = 7 - 47. Suppose 2*n = l*c - n - 5, -c = -3*n - 1. What is the highest common factor of c and i?
1
Let h = 152 + -150. Suppose -2*x + 5*f - h = -6, 4*x + 3*f = 34. Suppose 10*j - 18 = x*j. What is the highest common divisor of j and 15?
3
Suppose -4*w + 88 = -w - 248. Calculate the highest common factor of w and 36.
4
Let u be 7600/120*-4*(-12)/(-10). Let y = 21 - u. What is the greatest common divisor of y and 130?
65
Let z(a) = a**3 - 4*a**2 - 5*a - 2. Let n be z(5). Let i = 30 - -18. Let d be i*5*n/(-20). What is the highest common factor of 60 and d?
12
Let f(c) = -11*c + 10. Let r be f(5). Let l be (648/r)/((-2)/10). Suppose 4*o - l = -3*d, 15 = 4*o + o. Calculate the highest common factor of d and 25.
5
Let n = 186 + -249. Let q = 14 - n. Calculate the highest common factor of q and 22.
11
Suppose -5*t + 2*s - 4*s + 151957 = 0, -s = 4. Let a be (2/(-5))/(-7 + t/4345). Calculate the highest common divisor of a and 79.
79
Let y(x) = -x**3 - 6*x**2 + 19*x - 8. Let f be y(-9). Calculate the greatest common factor of 44 and f.
4
Let h be ((-1785)/136 - -13)*-1352. What is the highest common divisor of h and 1001?
13
Let c be 29727 - ((-160)/(-56))/(16/(-56)). Calculate the greatest common divisor of 454 and c.
227
Suppose 304*t - 114*t - 18232776 = -142*t. What is the greatest common factor of t and 226?
226
Let b be (-63)/(-14)*366/9. Suppose -p = -g + 301, 2*g = 4*g - 4*p - 594. What is the highest common divisor of g and b?
61
Let u = -25 + 10. Let o be 